{"id":1145,"date":"2021-02-11T15:11:41","date_gmt":"2021-02-11T19:11:41","guid":{"rendered":"http:\/\/agemdeus.association.usherbrooke.ca\/?page_id=1145"},"modified":"2022-02-04T16:27:25","modified_gmt":"2022-02-04T20:27:25","slug":"informations","status":"publish","type":"page","link":"https:\/\/agemdeus.association.usherbrooke.ca\/?page_id=1145","title":{"rendered":"Informations"},"content":{"rendered":"\t\t<div data-elementor-type=\"wp-page\" data-elementor-id=\"1145\" class=\"elementor elementor-1145\">\n\t\t\t\t\t\t\t\t\t<section class=\"elementor-section elementor-top-section elementor-element elementor-element-60df6fd elementor-section-boxed elementor-section-height-default elementor-section-height-default\" data-id=\"60df6fd\" data-element_type=\"section\">\n\t\t\t\t\t\t<div class=\"elementor-container elementor-column-gap-default\">\n\t\t\t\t\t<div class=\"elementor-column elementor-col-100 elementor-top-column elementor-element elementor-element-2699dc0\" data-id=\"2699dc0\" data-element_type=\"column\">\n\t\t\t<div class=\"elementor-widget-wrap elementor-element-populated\">\n\t\t\t\t\t\t\t\t<div class=\"elementor-element elementor-element-1669991 elementor-widget elementor-widget-text-editor\" data-id=\"1669991\" data-element_type=\"widget\" data-widget_type=\"text-editor.default\">\n\t\t\t\t<div class=\"elementor-widget-container\">\n\t\t\t\t\t\t\t<p>Vous trouverez dans l&#8217;accord\u00e9on ci-dessous des informations g\u00e9n\u00e9rales sur votre universit\u00e9, des liens et d&#8217;autres outils pour vous guider dans votre parcours \u00e9tudiant.&nbsp;<\/p>\t\t\t\t\t\t<\/div>\n\t\t\t\t<\/div>\n\t\t\t\t<div class=\"elementor-element elementor-element-1c9ad4b elementor-widget elementor-widget-accordion\" data-id=\"1c9ad4b\" data-element_type=\"widget\" data-widget_type=\"accordion.default\">\n\t\t\t\t<div class=\"elementor-widget-container\">\n\t\t\t\t\t<div class=\"elementor-accordion\">\n\t\t\t\t\t\t\t<div class=\"elementor-accordion-item\">\n\t\t\t\t\t<div id=\"elementor-tab-title-2991\" class=\"elementor-tab-title\" data-tab=\"1\" role=\"button\" aria-controls=\"elementor-tab-content-2991\" aria-expanded=\"false\">\n\t\t\t\t\t\t\t\t\t\t\t\t\t<span class=\"elementor-accordion-icon elementor-accordion-icon-left\" aria-hidden=\"true\">\n\t\t\t\t\t\t\t\t\t\t\t\t\t\t\t<span class=\"elementor-accordion-icon-closed\"><i class=\"fas fa-plus\"><\/i><\/span>\n\t\t\t\t\t\t\t\t<span class=\"elementor-accordion-icon-opened\"><i class=\"fas fa-minus\"><\/i><\/span>\n\t\t\t\t\t\t\t\t\t\t\t\t\t\t<\/span>\n\t\t\t\t\t\t\t\t\t\t\t\t<a class=\"elementor-accordion-title\" tabindex=\"0\">Liens informatifs<\/a>\n\t\t\t\t\t<\/div>\n\t\t\t\t\t<div id=\"elementor-tab-content-2991\" class=\"elementor-tab-content elementor-clearfix\" data-tab=\"1\" role=\"region\" aria-labelledby=\"elementor-tab-title-2991\"><p><a href=\"http:\/\/www.usherbrooke.ca\/education\/\">Facult\u00e9 d&#8217;\u00e9ducation<\/a><\/p><p><a href=\"http:\/\/www.usherbrooke.ca\/\">Universit\u00e9 de Sherbrooke<\/a><\/p><p><a href=\"http:\/\/www.remdus.qc.ca\">Regroupement des \u00c9tudiants \u00e0 la Ma\u00eetrise et au doctorat de l&#8217;Universit\u00e9 de Sherbrooke (REMDUS)<\/a><\/p><p><a title=\"Services \u00e0 la Vie \u00c9tudiante\" href=\"https:\/\/www.usherbrooke.ca\/etudiants\/\">Services \u00e0 la Vie \u00c9tudiante<\/a><\/p><p><a href=\"http:\/\/www.sareus.org\/\">Syndicat des auxiliaires de recherche et d&#8217;enseignement de l&#8217;Universit\u00e9 de Sherbrooke<\/a><\/p><\/div>\n\t\t\t\t<\/div>\n\t\t\t\t\t\t\t<div class=\"elementor-accordion-item\">\n\t\t\t\t\t<div id=\"elementor-tab-title-2992\" class=\"elementor-tab-title\" data-tab=\"2\" role=\"button\" aria-controls=\"elementor-tab-content-2992\" aria-expanded=\"false\">\n\t\t\t\t\t\t\t\t\t\t\t\t\t<span class=\"elementor-accordion-icon elementor-accordion-icon-left\" aria-hidden=\"true\">\n\t\t\t\t\t\t\t\t\t\t\t\t\t\t\t<span class=\"elementor-accordion-icon-closed\"><i class=\"fas fa-plus\"><\/i><\/span>\n\t\t\t\t\t\t\t\t<span class=\"elementor-accordion-icon-opened\"><i class=\"fas fa-minus\"><\/i><\/span>\n\t\t\t\t\t\t\t\t\t\t\t\t\t\t<\/span>\n\t\t\t\t\t\t\t\t\t\t\t\t<a class=\"elementor-accordion-title\" tabindex=\"0\">Emploi \u00e9tudiant : convention collective du SAREUS<\/a>\n\t\t\t\t\t<\/div>\n\t\t\t\t\t<div id=\"elementor-tab-content-2992\" class=\"elementor-tab-content elementor-clearfix\" data-tab=\"2\" role=\"region\" aria-labelledby=\"elementor-tab-title-2992\"><h3>Assistantes et assistants de recherche: convention collective<\/h3><div><p>Depuis le 12 octobre 2010, une convention collective du Syndicat des Auxiliaires de Recherche et d\u2019Enseignement de l\u2019Universit\u00e9 de Sherbrooke (SAREUS) est en vigueur. Les personnes \u00e9tudiantes qui ont des t\u00e2ches d&#8217;assistanat de recherche sont concern\u00e9es par ces conditions de travail.<\/p><p>La convention collective pr\u00e9cise que \u00ab toute personne salari\u00e9e doit, d\u00e8s son engagement, comme condition d\u2019emploi, devenir membre en r\u00e8gle du Syndicat \u00bb (p. 11), et ce n\u2019est que par la suite qu\u2019elle peut renoncer par \u00e9crit \u00e0 son droit d\u2019\u00eatre membre.<\/p><p>Les assistantes et assistants de recherche peuvent consulter <a title=\"Convention collective du SAREUS\" href=\"https:\/\/agemdeus.association.usherbrooke.ca\/wp-content\/uploads\/2022\/02\/convention_sareus.pdf\" target=\"_blank\" rel=\"noopener\">la convention collective 2017-2021<\/a> qui pr\u00e9cise,\u00a0entre autres, les r\u00e8gles sur:<\/p><ul><li>les crit\u00e8res d\u2019embauche et d\u2019attribution des emplois ;<\/li><li>l\u2019affichage des emplois qui doit \u00eatre respect\u00e9 ;<\/li><li>l\u2019admissibilit\u00e9 au R\u00e9gime qu\u00e9b\u00e9cois d\u2019assurances parentales (RQAP) ;<\/li><li>la signature du contrat qui doit se faire avant le d\u00e9but de la prestation de travail ;<\/li><li>le d\u00e9passement d\u2019heures.<\/li><\/ul><p>Si vous avez des questions entourant votre emploi \u00e0 titre d\u2019assistante ou d&#8217;assistant de recherche et \u00e0 propos des nouvelles conditions de travail, l\u2019AG\u00c9MD\u00c9US vous invite \u00e0 contacter vos <a title=\"Contacts du SAREUS\" href=\"https:\/\/www.usherbrooke.ca\/sareus\/nous-joindre\" target=\"_blank\" rel=\"noopener\">repr\u00e9sentants syndicaux<\/a> au\u00a0<a title=\"SAREUS\" href=\"http:\/\/www.sareus.org\" target=\"_blank\" rel=\"noopener\">SAREUS<\/a>. Ils pourront \u00e9galement vous assister en cas de litige avec votre employeur. Si vous croyez qu\u2019un litige peut vous affecter en tant que personne \u00e9tudiante (par exemple si votre employeur est aussi votre direction de recherche), n\u2019h\u00e9sitez pas \u00e0 <a href=\"mailto:agemdeus@USherbrooke.ca\">contacter l\u2019AG\u00c9MD\u00c9US<\/a> pour obtenir du soutien.<\/p><\/div><\/div>\n\t\t\t\t<\/div>\n\t\t\t\t\t\t\t<div class=\"elementor-accordion-item\">\n\t\t\t\t\t<div id=\"elementor-tab-title-2993\" class=\"elementor-tab-title\" data-tab=\"3\" role=\"button\" aria-controls=\"elementor-tab-content-2993\" aria-expanded=\"false\">\n\t\t\t\t\t\t\t\t\t\t\t\t\t<span class=\"elementor-accordion-icon elementor-accordion-icon-left\" aria-hidden=\"true\">\n\t\t\t\t\t\t\t\t\t\t\t\t\t\t\t<span class=\"elementor-accordion-icon-closed\"><i class=\"fas fa-plus\"><\/i><\/span>\n\t\t\t\t\t\t\t\t<span class=\"elementor-accordion-icon-opened\"><i class=\"fas fa-minus\"><\/i><\/span>\n\t\t\t\t\t\t\t\t\t\t\t\t\t\t<\/span>\n\t\t\t\t\t\t\t\t\t\t\t\t<a class=\"elementor-accordion-title\" tabindex=\"0\">Information sur la s\u00e9curit\u00e9 des immeubles : quoi faire en pr\u00e9sence d'un tireur actif ?<\/a>\n\t\t\t\t\t<\/div>\n\t\t\t\t\t<div id=\"elementor-tab-content-2993\" class=\"elementor-tab-content elementor-clearfix\" data-tab=\"3\" role=\"region\" aria-labelledby=\"elementor-tab-title-2993\"><p>Voici une vid\u00e9o qui nous donne des conseils \u00e0 suivre en pr\u00e9sence d&#8217;un tireur actif.<\/p><p><iframe title=\"Consignes de s\u00e9curit\u00e9 en cas de tireur actif\" width=\"696\" height=\"392\" src=\"https:\/\/www.youtube.com\/embed\/LvWhgaRTPmo?feature=oembed\" frameborder=\"0\" allow=\"accelerometer; autoplay; clipboard-write; encrypted-media; gyroscope; picture-in-picture\" allowfullscreen><\/iframe><\/p><\/div>\n\t\t\t\t<\/div>\n\t\t\t\t\t\t\t\t<\/div>\n\t\t\t\t<\/div>\n\t\t\t\t<\/div>\n\t\t\t\t\t<\/div>\n\t\t<\/div>\n\t\t\t\t\t\t\t<\/div>\n\t\t<\/section>\n\t\t\t\t\t\t\t<\/div>\n\t\t","protected":false},"excerpt":{"rendered":"<p>Vous trouverez dans l&#8217;accord\u00e9on ci-dessous des informations g\u00e9n\u00e9rales sur votre universit\u00e9, des liens et d&#8217;autres outils pour vous guider dans votre parcours \u00e9tudiant.&nbsp; Liens informatifs Facult\u00e9 d&#8217;\u00e9ducation Universit\u00e9 de Sherbrooke Regroupement des \u00c9tudiants \u00e0 la Ma\u00eetrise et au doctorat de l&#8217;Universit\u00e9 de Sherbrooke (REMDUS) Services \u00e0 la Vie \u00c9tudiante Syndicat des auxiliaires de recherche et<\/p><\/div>\n<div class=\"blog-btn\"><a href=\"https:\/\/agemdeus.association.usherbrooke.ca\/?page_id=1145\" class=\"home-blog-btn\">Lire la suite<\/a><\/p>\n","protected":false},"author":3,"featured_media":0,"parent":0,"menu_order":0,"comment_status":"closed","ping_status":"closed","template":"","meta":[],"_links":{"self":[{"href":"https:\/\/agemdeus.association.usherbrooke.ca\/index.php?rest_route=\/wp\/v2\/pages\/1145"}],"collection":[{"href":"https:\/\/agemdeus.association.usherbrooke.ca\/index.php?rest_route=\/wp\/v2\/pages"}],"about":[{"href":"https:\/\/agemdeus.association.usherbrooke.ca\/index.php?rest_route=\/wp\/v2\/types\/page"}],"author":[{"embeddable":true,"href":"https:\/\/agemdeus.association.usherbrooke.ca\/index.php?rest_route=\/wp\/v2\/users\/3"}],"replies":[{"embeddable":true,"href":"https:\/\/agemdeus.association.usherbrooke.ca\/index.php?rest_route=%2Fwp%2Fv2%2Fcomments&post=1145"}],"version-history":[{"count":26,"href":"https:\/\/agemdeus.association.usherbrooke.ca\/index.php?rest_route=\/wp\/v2\/pages\/1145\/revisions"}],"predecessor-version":[{"id":1367,"href":"https:\/\/agemdeus.association.usherbrooke.ca\/index.php?rest_route=\/wp\/v2\/pages\/1145\/revisions\/1367"}],"wp:attachment":[{"href":"https:\/\/agemdeus.association.usherbrooke.ca\/index.php?rest_route=%2Fwp%2Fv2%2Fmedia&parent=1145"}],"curies":[{"name":"wp","href":"https:\/\/api.w.org\/{rel}","templated":true}]}}