{"id":213,"date":"2015-09-19T10:20:04","date_gmt":"2015-09-19T14:20:04","guid":{"rendered":"http:\/\/agemdeus.association.usherbrooke.ca\/?page_id=213"},"modified":"2023-01-23T00:59:47","modified_gmt":"2023-01-23T04:59:47","slug":"un-peu-dhistoire","status":"publish","type":"page","link":"https:\/\/agemdeus.association.usherbrooke.ca\/?page_id=213","title":{"rendered":"Votre association"},"content":{"rendered":"\t\t<div data-elementor-type=\"wp-page\" data-elementor-id=\"213\" class=\"elementor elementor-213\">\n\t\t\t\t\t\t\t\t\t<section class=\"elementor-section elementor-top-section elementor-element elementor-element-68f75459 elementor-section-boxed elementor-section-height-default elementor-section-height-default\" data-id=\"68f75459\" data-element_type=\"section\">\n\t\t\t\t\t\t<div class=\"elementor-container elementor-column-gap-default\">\n\t\t\t\t\t<div class=\"elementor-column elementor-col-100 elementor-top-column elementor-element elementor-element-2b9b55a\" data-id=\"2b9b55a\" data-element_type=\"column\">\n\t\t\t<div class=\"elementor-widget-wrap elementor-element-populated\">\n\t\t\t\t\t\t\t\t<div class=\"elementor-element elementor-element-295830a4 elementor-widget elementor-widget-text-editor\" data-id=\"295830a4\" data-element_type=\"widget\" data-widget_type=\"text-editor.default\">\n\t\t\t\t<div class=\"elementor-widget-container\">\n\t\t\t\t\t\t\t<p><!-- wp:paragraph --><\/p>\n<p>L&#8217;AG\u00c9MD\u00c9US est l&#8217;association \u00e9tudiante des cycles sup\u00e9rieurs de la facult\u00e9 d&#8217;\u00e9ducation de l&#8217;universit\u00e9 de Sherbrooke. Si vous faites partie de nos membres, cette association, c&#8217;est aussi vous!<\/p>\n<p>Que vous ayez besoin d&#8217;aide, d&#8217;informations, de socialiser, nous sommes l\u00e0 pour vous repr\u00e9senter et vous accompagner, ou vous diriger vers les bonnes ressources.<\/p>\n<p>Vous d\u00e9sirez en savoir plus, prendre part \u00e0 nos d\u00e9cision ou participer \u00e0 l&#8217;association? <b>Impliquez-vous<\/b>, nous avons h\u00e2te de vous voir \ud83d\ude42 !<\/p>\n<p>\u00a0<\/p>\n<p style=\"margin-top: 0px;\">\u00a0Vous pouvez le faire de diff\u00e9rentes fa\u00e7ons:<\/p>\n<ul>\n<li><span style=\"font-weight: bold;\">Nous contacter\u00a0<\/span>: que ce soit pour faire une suggestion, vous faire conna\u00eetre, en savoir plus sur l&#8217;association&#8230; N&#8217;h\u00e9sitez pas \u00e0\u00a0<a href=\"https:\/\/agemdeus.association.usherbrooke.ca\/?page_id=14\" target=\"_blank\" rel=\"noopener\">nous contacter<\/a>.<\/li>\n<li><span style=\"font-weight: bold;\">Proposer un projet\u00a0<\/span>: vous participez ou organisez un projet dans lequel vous souhaitez impliquer l&#8217;association ou pour lequel vous souhaitez le soutien de l&#8217;association? Parlez-vous-en! Vous trouverez tout ce qu&#8217;il faut pour\u00a0<a href=\"https:\/\/agemdeus.association.usherbrooke.ca\/?page_id=14\" target=\"_blank\" rel=\"noopener\">nous contacter ici<\/a>.<\/li>\n<li><span style=\"font-weight: bold;\">Participer aux assembl\u00e9es\u00a0<\/span>: le meilleur moyen pour savoir ce que fait l&#8217;AG\u00c9MD\u00c9US, pour prendre part aux d\u00e9cisions importantes et faire entendre votre voix est de participer \u00e0 nos assembl\u00e9es. Tous nos membres peuvent voter et y prendre la parole, et elles sont r\u00e9gies par le code Morin (dont vous trouverez une version simplifi\u00e9e sur\u00a0<a href=\"http:\/\/www.troc02.org\/images\/doc_pdf\/TROC%2002\/Doc.%20pour%20lA.G.A\/resume_code_morin_en_bref.pdf\" target=\"_blank\" rel=\"noopener\">ce lien externe<\/a>, ou que vous pouvez vous procurer au complet\u00a0<a href=\"https:\/\/usherbrooke.on.worldcat.org\/oclc\/25201568\" target=\"_blank\" rel=\"noopener\">au service des biblioth\u00e8ques en suivant ce lien<\/a>). Les dates d&#8217;assembl\u00e9es sont communiqu\u00e9es aux membres par courriel et dans le groupe\u00a0<em>Teams<\/em> de l&#8217;association.<\/li>\n<li><span style=\"font-weight: bold;\">Vous impliquer au conseil ex\u00e9cutif <\/span>: l&#8217;autre meilleur moyen de vous impliquer sur plus long terme est de faire partie du conseil ex\u00e9cutif. Vous pourrez ainsi agir directement, en fonction de votre mandat, pour am\u00e9liorer la vie \u00e9tudiante, aupr\u00e8s d&#8217;autres \u00e9tudiantes et \u00e9tudiants passionn\u00e9s et impliqu\u00e9s! Pour ce faire, vous devez proposer votre candidature pour l&#8217;un des postes (list\u00e9s ci-dessous), et votre candidature sera vot\u00e9e et valid\u00e9e en assembl\u00e9e g\u00e9n\u00e9rale, et vous aurez ensuite la responsabilit\u00e9 de participer \u00e0 environ une rencontre par mois et vous acquitter de vos t\u00e2ches, en fonction de votre poste. N&#8217;h\u00e9sitez pas \u00e0 nous contacter pour en savoir plus!<\/li>\n<\/ul>\n<div><span style=\"caret-color: #64646d; color: #64646d;\">Vous trouverez dans l&#8217;accord\u00e9on ci-dessous toutes les informations concernant l&#8217;AG\u00c9MD\u00c9US et son fonctionnement.\u00a0<\/span><\/div>\n<p><!-- \/wp:paragraph --><\/p>\t\t\t\t\t\t<\/div>\n\t\t\t\t<\/div>\n\t\t\t\t<div class=\"elementor-element elementor-element-1dcdf6a elementor-widget elementor-widget-accordion\" data-id=\"1dcdf6a\" data-element_type=\"widget\" data-widget_type=\"accordion.default\">\n\t\t\t\t<div class=\"elementor-widget-container\">\n\t\t\t\t\t<div class=\"elementor-accordion\">\n\t\t\t\t\t\t\t<div class=\"elementor-accordion-item\">\n\t\t\t\t\t<div id=\"elementor-tab-title-3121\" class=\"elementor-tab-title\" data-tab=\"1\" role=\"button\" aria-controls=\"elementor-tab-content-3121\" aria-expanded=\"false\">\n\t\t\t\t\t\t\t\t\t\t\t\t\t<span class=\"elementor-accordion-icon elementor-accordion-icon-left\" aria-hidden=\"true\">\n\t\t\t\t\t\t\t\t\t\t\t\t\t\t\t<span class=\"elementor-accordion-icon-closed\"><i class=\"fas fa-chevron-down\"><\/i><\/span>\n\t\t\t\t\t\t\t\t<span class=\"elementor-accordion-icon-opened\"><i class=\"fas fa-minus\"><\/i><\/span>\n\t\t\t\t\t\t\t\t\t\t\t\t\t\t<\/span>\n\t\t\t\t\t\t\t\t\t\t\t\t<a class=\"elementor-accordion-title\" tabindex=\"0\">Notre mission<\/a>\n\t\t\t\t\t<\/div>\n\t\t\t\t\t<div id=\"elementor-tab-content-3121\" class=\"elementor-tab-content elementor-clearfix\" data-tab=\"1\" role=\"region\" aria-labelledby=\"elementor-tab-title-3121\"><div class=\"col-md-12 col-sm-12col-xs-12\">\n<article id=\"post-26\" class=\"post\" data-wow-delay=\"0.4s\">\n<div class=\"post-content\">\n<div class=\"entry-content\">\n<p>Si vous \u00eates \u00e9tudiant aux cycles sup\u00e9rieurs de la facult\u00e9 d&#8217;\u00e9ducation de l&#8217;Universit\u00e9 de Sherbrooke, l&#8217;AG\u00c9MD\u00c9US est l\u00e0 pour vous repr\u00e9senter! Plus pr\u00e9cis\u00e9ment, notre mission s&#8217;articule autour des 3 points suivants:\u00a0<\/p>\n<ul>\n<li>Regrouper les \u00e9tudiantes et les \u00e9tudiants des cycles sup\u00e9rieurs de la Facult\u00e9 d\u2019\u00e9ducation de l\u2019Universit\u00e9 de Sherbrooke.<\/li>\n<li>Assurer la repr\u00e9sentation des membres devant diff\u00e9rents organismes et autorit\u00e9s de l\u2019Universit\u00e9 de Sherbrooke et aupr\u00e8s d\u2019autres organismes et universit\u00e9s.<\/li>\n<li>Favoriser l\u2019organisation des activit\u00e9s sociales, de formation, d\u2019informations ou r\u00e9pondant \u00e0 d\u2019autres besoins \u00e9tudiants.<\/li>\n<\/ul>\n<\/div>\n<\/div>\n<\/article>\n<\/div><\/div>\n\t\t\t\t<\/div>\n\t\t\t\t\t\t\t<div class=\"elementor-accordion-item\">\n\t\t\t\t\t<div id=\"elementor-tab-title-3122\" class=\"elementor-tab-title\" data-tab=\"2\" role=\"button\" aria-controls=\"elementor-tab-content-3122\" aria-expanded=\"false\">\n\t\t\t\t\t\t\t\t\t\t\t\t\t<span class=\"elementor-accordion-icon elementor-accordion-icon-left\" aria-hidden=\"true\">\n\t\t\t\t\t\t\t\t\t\t\t\t\t\t\t<span class=\"elementor-accordion-icon-closed\"><i class=\"fas fa-chevron-down\"><\/i><\/span>\n\t\t\t\t\t\t\t\t<span class=\"elementor-accordion-icon-opened\"><i class=\"fas fa-minus\"><\/i><\/span>\n\t\t\t\t\t\t\t\t\t\t\t\t\t\t<\/span>\n\t\t\t\t\t\t\t\t\t\t\t\t<a class=\"elementor-accordion-title\" tabindex=\"0\">Nos membres<\/a>\n\t\t\t\t\t<\/div>\n\t\t\t\t\t<div id=\"elementor-tab-content-3122\" class=\"elementor-tab-content elementor-clearfix\" data-tab=\"2\" role=\"region\" aria-labelledby=\"elementor-tab-title-3122\"><p style=\"caret-color: #000000; color: #000000;\">Est membre de l&#8217;AG\u00c9MD\u00c9US tout \u00e9tudiante ou \u00e9tudiant de deuxi\u00e8me ou troisi\u00e8me cycle de la Facult\u00e9 d&#8217;\u00e9ducation ayant pay\u00e9 sa cotisation \u00e0 l\u2019AG\u00c9MD\u00c9US pour la session en cours.<\/p>\n<p style=\"caret-color: #000000; color: #000000;\"><b>De quelle(s) associations \u00e9tudiantes suis-je membre?<\/b><\/p>\n<p style=\"caret-color: #000000; color: #000000;\">Les \u00e9tudiants des deuxi\u00e8me et troisi\u00e8me cycles sont normalement membres du REMDUS, l&#8217;association qui chapeaute les programmes de deuxi\u00e8me et troisi\u00e8me cycles \u00e0 l&#8217;Universit\u00e9 de Sherbrooke. Normalement, les membres re\u00e7oivent les courriels du REMDUS et ont le droit de vote dans leurs assembl\u00e9es. (<a href=\"http:\/\/www.remdus.qc.ca\/\" target=\"_blank\" rel=\"noopener\">www.remdus.qc.ca<\/a>)<\/p>\n<p style=\"caret-color: #000000; color: #000000;\">Certains, en plus d&#8217;\u00eatre membres du REMDUS, sont aussi membres de l&#8217;AG\u00c9MD\u00c9US, l&#8217;association<br \/>locale en \u00e9ducation aux \u00e9tudes sup\u00e9rieures, selon le programme auquel vous \u00eates inscrit. C&#8217;est l&#8217;institution qui g\u00e8re l&#8217;inclusion ou l&#8217;exclusion des \u00e9tudiants et des programmes dans les associations \u00e9tudiantes. L&#8217;AG\u00c9MD\u00c9US a entrepris des d\u00e9marches afin que tous les programmes de deuxi\u00e8me et troisi\u00e8me cycles \u00e0 la facult\u00e9 d&#8217;\u00e9ducation puissent \u00eatre repr\u00e9sent\u00e9s par l&#8217;AG\u00c9MD\u00c9US. Tant que ces d\u00e9marches n&#8217;ont pas abouti, seules les personnes ayant pay\u00e9 leur cotisation sont r\u00e9put\u00e9s membres et re\u00e7oivent les courriels de l&#8217;association.<\/p>\n<p style=\"caret-color: #000000; color: #000000;\">Pour savoir et confirmer si vous \u00eates membres de l&#8217;AG\u00c9MD\u00c9US, le plus simple est de consulter votre facture de frais de scolarit\u00e9. Si vous avez pay\u00e9 une cotisation \u00e0 l&#8217;AG\u00c9MD\u00c9US, c&#8217;est que vous \u00eates membre parce qu&#8217;inscrit dans un programme affili\u00e9. Normalement, vous devriez recevoir les courriels de cette association et avez le droit de vote dans les assembl\u00e9es.<\/p>\n<p style=\"caret-color: #000000; color: #000000;\">Si vous n&#8217;avez pas pay\u00e9 de cotisation \u00e0 l&#8217;AG\u00c9MD\u00c9US avec vos frais de scolarit\u00e9, et que vous \u00e9tudiez actuellement dans un programme de deuxi\u00e8me ou troisi\u00e8me cycle \u00e0 la facult\u00e9 d&#8217;\u00e9ducation vous pouvez quand m\u00eame devenir membre \u00e0\u00a0 titre individuel. Pour savoir comment faire, <a href=\"mailto:agemdeus@usherbrooke.ca\">contactez l&#8217;association par courriel<\/a>. Vous aurez notamment \u00e0 payer votre cotisation directement aupr\u00e8s de l&#8217;AG\u00c9MD\u00c9US.<\/p>\n<p style=\"caret-color: #000000; color: #000000;\">\u00c0 titre d&#8217;information, l&#8217;AGEEFEUS repr\u00e9sente les \u00e9tudiants en \u00e9ducation au premier cycle.<\/p><\/div>\n\t\t\t\t<\/div>\n\t\t\t\t\t\t\t<div class=\"elementor-accordion-item\">\n\t\t\t\t\t<div id=\"elementor-tab-title-3123\" class=\"elementor-tab-title\" data-tab=\"3\" role=\"button\" aria-controls=\"elementor-tab-content-3123\" aria-expanded=\"false\">\n\t\t\t\t\t\t\t\t\t\t\t\t\t<span class=\"elementor-accordion-icon elementor-accordion-icon-left\" aria-hidden=\"true\">\n\t\t\t\t\t\t\t\t\t\t\t\t\t\t\t<span class=\"elementor-accordion-icon-closed\"><i class=\"fas fa-chevron-down\"><\/i><\/span>\n\t\t\t\t\t\t\t\t<span class=\"elementor-accordion-icon-opened\"><i class=\"fas fa-minus\"><\/i><\/span>\n\t\t\t\t\t\t\t\t\t\t\t\t\t\t<\/span>\n\t\t\t\t\t\t\t\t\t\t\t\t<a class=\"elementor-accordion-title\" tabindex=\"0\">Conseil ex\u00e9cutif<\/a>\n\t\t\t\t\t<\/div>\n\t\t\t\t\t<div id=\"elementor-tab-content-3123\" class=\"elementor-tab-content elementor-clearfix\" data-tab=\"3\" role=\"region\" aria-labelledby=\"elementor-tab-title-3123\"><p style=\"caret-color: #000000; color: #000000;\">Dans cette section, nous vous expliquons bri\u00e8vement les t\u00e2ches et responsabilit\u00e9s de chacun des membres du conseil ex\u00e9cutif.<\/p>\n\n<p style=\"caret-color: #000000; color: #000000;\"><b>Pr\u00e9sident(e)<\/b> : Elle ou il repr\u00e9sente l\u2019AG\u00c9MD\u00c9US aupr\u00e8s des instances officielles. Elle ou il pr\u00e9side habituellement chaque r\u00e9union du conseil ex\u00e9cutif et a un droit de vote comme les autres membres du CE, elle ou il ne poss\u00e8de pas de vote pr\u00e9pond\u00e9rant. En cas d&#8217;\u00e9galit\u00e9, la proposition est rejet\u00e9e et le d\u00e9bat reprend. Elle ou il voit \u00e0 l\u2019ex\u00e9cution des d\u00e9cisions prises par le Conseil ex\u00e9cutif en fonction des grandes orientations. Elle ou il coordonne le travail du conseil ex\u00e9cutif et voit \u00e0 la bonne marche de l\u2019association. Elle ou il signe les documents \u00e9manant de l\u2019AG\u00c9MD\u00c9US.\n\n<p style=\"caret-color: #000000; color: #000000;\"><b>Vice-pr\u00e9sident(e) aux affaires g\u00e9n\u00e9rales<\/b> : Elle ou il seconde la ou le pr\u00e9sident(e) dans ses fonctions. Elle ou il le remplace en son absence et elle ou il exerce alors toutes les pr\u00e9rogatives du pr\u00e9sident, sauf si le conseil ex\u00e9cutif s\u2019y oppose. G\u00e9n\u00e9ralement, la ou le pr\u00e9sident(e) et la ou le vice-pr\u00e9sident(e) se s\u00e9parent la supervision des t\u00e2ches des membres du conseil ex\u00e9cutif.<\/p>\n\n<p style=\"caret-color: #000000; color: #000000;\"><b> Vice-pr\u00e9sident(e) \u00e0 l&#8217;information<\/b> : Elle ou il r\u00e9dige tous les proc\u00e8s-verbaux des r\u00e9unions du conseil ex\u00e9cutif. Elle ou il a la garde des archives, des registres des membres ainsi que des proc\u00e8s-verbaux des r\u00e9unions du conseil ex\u00e9cutif et des assembl\u00e9es g\u00e9n\u00e9rales. Elle ou il r\u00e9dige et signe les documents avec la ou le pr\u00e9sident \u00e0 l\u2019exception des rapports financiers. Elle ou il s&#8217;occupe de mettre \u00e0 jour le site web et les m\u00e9dias sociaux utilis\u00e9s par l&#8217;association.<\/p>\n\n<p style=\"caret-color: #000000; color: #000000;\"><b>Vice-pr\u00e9sident(e) aux finances<\/b>: Elle ou il pr\u00e9pare et voit au respect du budget de l\u2019AG\u00c9MD\u00c9US. Elle ou il administre les fonds de l\u2019AG\u00c9MD\u00c9US avec le budget officiel qui est pr\u00e9sent\u00e9 \u00e0 l\u2019assembl\u00e9e g\u00e9n\u00e9rale d\u2019automne. \u00c0 l\u2019assembl\u00e9e g\u00e9n\u00e9rale d\u2019hiver, elle ou il pr\u00e9sente un suivi sous forme d\u2019\u00e9tat financier. Elle ou il s\u2019occupe d\u2019accorder les subventions aux membres. Elle ou il doit s\u2019occuper de faire les imp\u00f4ts de l\u2019AG\u00c9MD\u00c9US avec l\u2019aide d\u2019un expert-comptable, si n\u00e9cessaire.<\/p>\n\n<p style=\"caret-color: #000000; color: #000000;\"><b> Vice-pr\u00e9sident(e) aux affaires externes<\/b> : Elle ou il est responsable des relations entre l&#8217;AG\u00c9MD\u00c9US et les diverses instances externes \u00e0 l&#8217;AG\u00c9MD\u00c9US et la facult\u00e9 d&#8217;\u00e9ducation, tel que le Regroupement des \u00e9tudiantes et \u00e9tudiants de ma\u00eetrise, de dipl\u00f4me et de doctorat de l&#8217;Universit\u00e9 de Sherbrooke (REMDUS) et les autres associations \u00e9tudiantes de tous les cycles et facult\u00e9s<\/p>\n\n<p style=\"caret-color: #000000; color: #000000;\"><b> Vice-pr\u00e9sident(e) aux affaires internes<\/b> : Elle ou il voit \u00e0 la bonne coordination des relations inter-associations \u00e9tudiantes de la Facult\u00e9 d\u2019\u00e9ducation, en maintenant des liens avec les \u00e9tudiants du 1er\u00a0cycle, via l\u2019association g\u00e9n\u00e9rale des \u00e9tudiantes et \u00e9tudiants de la facult\u00e9 d\u2019\u00e9ducation de l\u2019Universit\u00e9 de Sherbrooke (AGEEFEUS), et avec les membres de l\u2019universit\u00e9 du troisi\u00e8me \u00e2ge, via l\u2019association g\u00e9n\u00e9rale des \u00e9tudiantes et \u00e9tudiants a\u00een\u00e9s \u00e0 l&#8217;Universit\u00e9 de Sherbrooke (AGEAUS). Elle ou il voit \u00e9galement \u00e0 faire le lien avec le conseil ex\u00e9cutif et le comit\u00e9 de programme gr\u00e2ce aux repr\u00e9sentantes et repr\u00e9sentants. Elle ou il doit \u00e9galement si\u00e9ger au conseil de facult\u00e9.<\/p>\n\n<p style=\"caret-color: #000000; color: #000000;\"><b> Vice-pr\u00e9sident(e) \u00e0 la condition \u00e9tudiante<\/b> : Elle ou il est responsable d\u2019assurer le suivi des diff\u00e9rentes situations probl\u00e9matiques v\u00e9cues par les \u00e9tudiantes et \u00e9tudiants perturbant le d\u00e9roulement normal de leur formation. Elle ou il est \u00e9galement responsable de la diffusion et de l\u2019organisation ainsi que de la mise en place d\u2019activit\u00e9s sociales, de formation ou de toute activit\u00e9 susceptible d\u2019int\u00e9resser les membres de l\u2019AG\u00c9MD\u00c9US.<\/p>\n\n<p style=\"caret-color: #000000; color: #000000;\"><b>Vice-pr\u00e9sident(e) au campus Longueuil<\/b> : Elle ou il repr\u00e9sente l\u2019association au campus de Longueuil et elle ou il repr\u00e9sente les \u00e9tudiantes et \u00e9tudiants de ce campus au sein de l\u2019AG\u00c9MD\u00c9US. Elle ou il est charg\u00e9 d\u2019organiser des activit\u00e9s sociales, de formation ou toute activit\u00e9 susceptible d\u2019int\u00e9resser les membres de l\u2019AG\u00c9MD\u00c9US au campus de Longueuil.<\/p>\n\n<p style=\"caret-color: #000000; color: #000000;\"><b>Repr\u00e9sentant(e) au Conseil de facult\u00e9<\/b>: En contact \u00e9troit avec le Conseil\u00a0ex\u00e9cutif, elle ou il est responsable d\u2019assurer le lien entre l\u2019Association et le Conseil\u00a0de facult\u00e9. Elle ou il assiste aux r\u00e9unions du Conseil facultaire et intervient dans le\u00a0meilleur int\u00e9r\u00eat des membres, conform\u00e9ment aux orientations d\u00e9gag\u00e9es avec les membres\u00a0du conseil ex\u00e9cutif. Cette personne n\u2019a pas droit de vote au conseil ex\u00e9cutif.<\/p>\n<p style=\"caret-color: #000000; color: #000000;\">Vous pouvez \u00e9galement conna\u00eetre les membres des CE pass\u00e9s (documents PDF):<\/p>\n<p style=\"caret-color: #000000; color: #000000;\"><a href=\"https:\/\/agemdeus.association.usherbrooke.ca\/wp-content\/uploads\/2022\/09\/CE_2022_2023-1.pdf\">CE 2022-2023<\/a> <a href=\"https:\/\/agemdeus.association.usherbrooke.ca\/wp-content\/uploads\/2022\/09\/CE_2021-2022.pdf\">CE 2021-2022<\/a> <a href=\"https:\/\/agemdeus.association.usherbrooke.ca\/wp-content\/uploads\/2022\/09\/CE_2020-2021.pdf\">CE 2020-2021<\/a> <a href=\"https:\/\/agemdeus.association.usherbrooke.ca\/wp-content\/uploads\/2022\/09\/CE_2019-2020.pdf\">CE 2019-2020<\/a>\u00a0<a href=\"https:\/\/agemdeus.association.usherbrooke.ca\/wp-content\/uploads\/2022\/09\/CE_2018-2019.pdf\">CE 2018-2019<\/a> <a href=\"https:\/\/agemdeus.association.usherbrooke.ca\/wp-content\/uploads\/2021\/02\/CE_2017-2018.pdf\">CE_2017-2018<\/a> <a href=\"https:\/\/agemdeus.association.usherbrooke.ca\/wp-content\/uploads\/2021\/02\/CE_2016-2017.pdf\">CE_2016-2017<\/a> <a href=\"https:\/\/agemdeus.association.usherbrooke.ca\/wp-content\/uploads\/2021\/02\/CE_2015-2016.pdf\">CE_2015-2016<\/a>\u00a0<a href=\"https:\/\/agemdeus.association.usherbrooke.ca\/wp-content\/uploads\/2021\/02\/CE_2014-2015.pdf\">CE_2014-2015<\/a> <a href=\"https:\/\/agemdeus.association.usherbrooke.ca\/wp-content\/uploads\/2021\/02\/CE_2013-2014.pdf\">CE_2013-2014<\/a> <a href=\"https:\/\/agemdeus.association.usherbrooke.ca\/wp-content\/uploads\/2021\/02\/CE_2012-2013.pdf\">CE_2012-2013<\/a> <a href=\"https:\/\/agemdeus.association.usherbrooke.ca\/wp-content\/uploads\/2021\/02\/CE_2011-2012.pdf\">CE_2011-2012<\/a> <a href=\"https:\/\/agemdeus.association.usherbrooke.ca\/wp-content\/uploads\/2021\/02\/CE_2010-2011.pdf\">CE_2010-2011<\/a> <a href=\"https:\/\/agemdeus.association.usherbrooke.ca\/wp-content\/uploads\/2021\/02\/CE_2009-2010.pdf\">CE_2009-2010<\/a> <a href=\"https:\/\/agemdeus.association.usherbrooke.ca\/wp-content\/uploads\/2021\/02\/CE_2008-2009.pdf\">CE_2008-2009<\/a>\u00a0<\/p>\n<p style=\"caret-color: #000000; color: #000000;\">\u00a0<\/p><\/div>\n\t\t\t\t<\/div>\n\t\t\t\t\t\t\t<div class=\"elementor-accordion-item\">\n\t\t\t\t\t<div id=\"elementor-tab-title-3124\" class=\"elementor-tab-title\" data-tab=\"4\" role=\"button\" aria-controls=\"elementor-tab-content-3124\" aria-expanded=\"false\">\n\t\t\t\t\t\t\t\t\t\t\t\t\t<span class=\"elementor-accordion-icon elementor-accordion-icon-left\" aria-hidden=\"true\">\n\t\t\t\t\t\t\t\t\t\t\t\t\t\t\t<span class=\"elementor-accordion-icon-closed\"><i class=\"fas fa-chevron-down\"><\/i><\/span>\n\t\t\t\t\t\t\t\t<span class=\"elementor-accordion-icon-opened\"><i class=\"fas fa-minus\"><\/i><\/span>\n\t\t\t\t\t\t\t\t\t\t\t\t\t\t<\/span>\n\t\t\t\t\t\t\t\t\t\t\t\t<a class=\"elementor-accordion-title\" tabindex=\"0\">R\u00e8glement g\u00e9n\u00e9ral<\/a>\n\t\t\t\t\t<\/div>\n\t\t\t\t\t<div id=\"elementor-tab-content-3124\" class=\"elementor-tab-content elementor-clearfix\" data-tab=\"4\" role=\"region\" aria-labelledby=\"elementor-tab-title-3124\"><p>Vous pouvez t\u00e9l\u00e9charger le document ci-dessous (format PDF) pour consulter l&#8217;int\u00e9gralit\u00e9 du R\u00e8glement g\u00e9n\u00e9ral de l&#8217;association.<\/p>\n<p><a href=\"https:\/\/agemdeus.association.usherbrooke.ca\/wp-content\/uploads\/2022\/09\/Re\u0300glement-ge\u0301ne\u0301ral-2.2.pdf\">R\u00e8glement g\u00e9n\u00e9ral &#8211; v. 2.2<\/a><\/p>\n<p><em>Cette version du R\u00e8glement g\u00e9n\u00e9ral a \u00e9t\u00e9 adopt\u00e9e lors de l&#8217;assembl\u00e9e des membres du 21 septembre 2022 et remplace toute version ant\u00e9rieure.<\/em><\/p><\/div>\n\t\t\t\t<\/div>\n\t\t\t\t\t\t\t<div class=\"elementor-accordion-item\">\n\t\t\t\t\t<div id=\"elementor-tab-title-3125\" class=\"elementor-tab-title\" data-tab=\"5\" role=\"button\" aria-controls=\"elementor-tab-content-3125\" aria-expanded=\"false\">\n\t\t\t\t\t\t\t\t\t\t\t\t\t<span class=\"elementor-accordion-icon elementor-accordion-icon-left\" aria-hidden=\"true\">\n\t\t\t\t\t\t\t\t\t\t\t\t\t\t\t<span class=\"elementor-accordion-icon-closed\"><i class=\"fas fa-chevron-down\"><\/i><\/span>\n\t\t\t\t\t\t\t\t<span class=\"elementor-accordion-icon-opened\"><i class=\"fas fa-minus\"><\/i><\/span>\n\t\t\t\t\t\t\t\t\t\t\t\t\t\t<\/span>\n\t\t\t\t\t\t\t\t\t\t\t\t<a class=\"elementor-accordion-title\" tabindex=\"0\">Proc\u00e8s verbaux d'assembl\u00e9es pass\u00e9es<\/a>\n\t\t\t\t\t<\/div>\n\t\t\t\t\t<div id=\"elementor-tab-content-3125\" class=\"elementor-tab-content elementor-clearfix\" data-tab=\"5\" role=\"region\" aria-labelledby=\"elementor-tab-title-3125\"><p style=\"caret-color: #000000; color: #000000;\">Les membres qui souhaitent consulter les proc\u00e8s verbaux des rencontres du conseil ex\u00e9cutif ou des assembl\u00e9es g\u00e9n\u00e9rales peuvent les obtenir en contactant l&#8217;AG\u00c9MD\u00c9US.<\/p>\n<p style=\"caret-color: #000000; color: #000000;\"><a href=\"mailto:agemdeus@usherbrooke.ca\">Contactez-nous<\/a> en pr\u00e9cisant le proc\u00e8s-verbal que vous souhaitez consulter.<\/p><\/div>\n\t\t\t\t<\/div>\n\t\t\t\t\t\t\t\t<\/div>\n\t\t\t\t<\/div>\n\t\t\t\t<\/div>\n\t\t\t\t\t<\/div>\n\t\t<\/div>\n\t\t\t\t\t\t\t<\/div>\n\t\t<\/section>\n\t\t\t\t\t\t\t<\/div>\n\t\t","protected":false},"excerpt":{"rendered":"<p>L&#8217;AG\u00c9MD\u00c9US est l&#8217;association \u00e9tudiante des cycles sup\u00e9rieurs de la facult\u00e9 d&#8217;\u00e9ducation de l&#8217;universit\u00e9 de Sherbrooke. Si vous faites partie de nos membres, cette association, c&#8217;est aussi vous! Que vous ayez besoin d&#8217;aide, d&#8217;informations, de socialiser, nous sommes l\u00e0 pour vous repr\u00e9senter et vous accompagner, ou vous diriger vers les bonnes ressources. Vous d\u00e9sirez en savoir<\/p><\/div>\n<div class=\"blog-btn\"><a href=\"https:\/\/agemdeus.association.usherbrooke.ca\/?page_id=213\" class=\"home-blog-btn\">Lire la suite<\/a><\/p>\n","protected":false},"author":3,"featured_media":0,"parent":0,"menu_order":0,"comment_status":"closed","ping_status":"closed","template":"","meta":[],"_links":{"self":[{"href":"https:\/\/agemdeus.association.usherbrooke.ca\/index.php?rest_route=\/wp\/v2\/pages\/213"}],"collection":[{"href":"https:\/\/agemdeus.association.usherbrooke.ca\/index.php?rest_route=\/wp\/v2\/pages"}],"about":[{"href":"https:\/\/agemdeus.association.usherbrooke.ca\/index.php?rest_route=\/wp\/v2\/types\/page"}],"author":[{"embeddable":true,"href":"https:\/\/agemdeus.association.usherbrooke.ca\/index.php?rest_route=\/wp\/v2\/users\/3"}],"replies":[{"embeddable":true,"href":"https:\/\/agemdeus.association.usherbrooke.ca\/index.php?rest_route=%2Fwp%2Fv2%2Fcomments&post=213"}],"version-history":[{"count":108,"href":"https:\/\/agemdeus.association.usherbrooke.ca\/index.php?rest_route=\/wp\/v2\/pages\/213\/revisions"}],"predecessor-version":[{"id":1703,"href":"https:\/\/agemdeus.association.usherbrooke.ca\/index.php?rest_route=\/wp\/v2\/pages\/213\/revisions\/1703"}],"wp:attachment":[{"href":"https:\/\/agemdeus.association.usherbrooke.ca\/index.php?rest_route=%2Fwp%2Fv2%2Fmedia&parent=213"}],"curies":[{"name":"wp","href":"https:\/\/api.w.org\/{rel}","templated":true}]}}